{"id":251,"date":"2022-09-23T17:03:28","date_gmt":"2022-09-23T17:03:28","guid":{"rendered":"https:\/\/techlatam.com.mx\/Tech\/?page_id=251"},"modified":"2022-10-17T16:48:01","modified_gmt":"2022-10-17T16:48:01","slug":"servidores-vps","status":"publish","type":"page","link":"https:\/\/techlatam.com.mx\/Tech\/servidores-vps\/","title":{"rendered":"Servidores VPS"},"content":{"rendered":"\t\t<div data-elementor-type=\"wp-page\" data-elementor-id=\"251\" class=\"elementor elementor-251\">\n\t\t\t\t\t\t\t\t\t<section class=\"elementor-section elementor-top-section elementor-element elementor-element-d346741 elementor-section-full_width elementor-section-height-default elementor-section-height-default\" data-id=\"d346741\" data-element_type=\"section\">\n\t\t\t\t\t\t<div class=\"elementor-container elementor-column-gap-no\">\n\t\t\t\t\t<div class=\"elementor-column elementor-col-100 elementor-top-column elementor-element elementor-element-966b51a\" data-id=\"966b51a\" data-element_type=\"column\">\n\t\t\t<div class=\"elementor-widget-wrap elementor-element-populated\">\n\t\t\t\t\t\t\t\t<div class=\"elementor-element elementor-element-b79305e premium-nav-hor premium-nav-none premium-ham-dropdown elementor-widget elementor-widget-premium-nav-menu\" data-id=\"b79305e\" data-element_type=\"widget\" data-settings=\"{&quot;submenu_icon&quot;:{&quot;value&quot;:&quot;fas fa-angle-down&quot;,&quot;library&quot;:&quot;fa-solid&quot;},&quot;submenu_item_icon&quot;:{&quot;value&quot;:&quot;&quot;,&quot;library&quot;:&quot;&quot;}}\" data-widget_type=\"premium-nav-menu.default\">\n\t\t\t\t<div class=\"elementor-widget-container\">\n\t\t\t\t\t\t\t\t<div class=\"premium-error-notice\">\r\n\t\t\t\t\t\tThis is an empty menu. Please make sure your menu has items.\t\t\t\t\t<\/div>\r\n\t\t\t\t\t\t<\/div>\n\t\t\t\t<\/div>\n\t\t\t\t<div class=\"elementor-element elementor-element-67a733f elementor-widget elementor-widget-spacer\" data-id=\"67a733f\" data-element_type=\"widget\" data-widget_type=\"spacer.default\">\n\t\t\t\t<div class=\"elementor-widget-container\">\n\t\t\t<style>\/*! elementor - v3.16.0 - 20-09-2023 *\/\n.elementor-column .elementor-spacer-inner{height:var(--spacer-size)}.e-con{--container-widget-width:100%}.e-con-inner>.elementor-widget-spacer,.e-con>.elementor-widget-spacer{width:var(--container-widget-width,var(--spacer-size));--align-self:var(--container-widget-align-self,initial);--flex-shrink:0}.e-con-inner>.elementor-widget-spacer>.elementor-widget-container,.e-con>.elementor-widget-spacer>.elementor-widget-container{height:100%;width:100%}.e-con-inner>.elementor-widget-spacer>.elementor-widget-container>.elementor-spacer,.e-con>.elementor-widget-spacer>.elementor-widget-container>.elementor-spacer{height:100%}.e-con-inner>.elementor-widget-spacer>.elementor-widget-container>.elementor-spacer>.elementor-spacer-inner,.e-con>.elementor-widget-spacer>.elementor-widget-container>.elementor-spacer>.elementor-spacer-inner{height:var(--container-widget-height,var(--spacer-size))}.e-con-inner>.elementor-widget-spacer.elementor-widget-empty,.e-con>.elementor-widget-spacer.elementor-widget-empty{position:relative;min-height:22px;min-width:22px}.e-con-inner>.elementor-widget-spacer.elementor-widget-empty .elementor-widget-empty-icon,.e-con>.elementor-widget-spacer.elementor-widget-empty .elementor-widget-empty-icon{position:absolute;top:0;bottom:0;left:0;right:0;margin:auto;padding:0;width:22px;height:22px}<\/style>\t\t<div class=\"elementor-spacer\">\n\t\t\t<div class=\"elementor-spacer-inner\"><\/div>\n\t\t<\/div>\n\t\t\t\t<\/div>\n\t\t\t\t<\/div>\n\t\t\t\t\t<\/div>\n\t\t<\/div>\n\t\t\t\t\t\t\t<\/div>\n\t\t<\/section>\n\t\t\t\t<section class=\"elementor-section elementor-top-section elementor-element elementor-element-0dd9586 elementor-section-full_width elementor-section-height-default elementor-section-height-default\" data-id=\"0dd9586\" data-element_type=\"section\" data-settings=\"{&quot;background_background&quot;:&quot;classic&quot;}\">\n\t\t\t\t\t\t<div class=\"elementor-container elementor-column-gap-default\">\n\t\t\t\t\t<div class=\"elementor-column elementor-col-100 elementor-top-column elementor-element elementor-element-fb8c605\" data-id=\"fb8c605\" data-element_type=\"column\">\n\t\t\t<div class=\"elementor-widget-wrap elementor-element-populated\">\n\t\t\t\t\t\t\t\t<div class=\"elementor-element elementor-element-f37bbc0 elementor-widget elementor-widget-heading\" data-id=\"f37bbc0\" data-element_type=\"widget\" data-widget_type=\"heading.default\">\n\t\t\t\t<div class=\"elementor-widget-container\">\n\t\t\t<style>\/*! elementor - v3.16.0 - 20-09-2023 *\/\n.elementor-heading-title{padding:0;margin:0;line-height:1}.elementor-widget-heading .elementor-heading-title[class*=elementor-size-]>a{color:inherit;font-size:inherit;line-height:inherit}.elementor-widget-heading .elementor-heading-title.elementor-size-small{font-size:15px}.elementor-widget-heading .elementor-heading-title.elementor-size-medium{font-size:19px}.elementor-widget-heading .elementor-heading-title.elementor-size-large{font-size:29px}.elementor-widget-heading .elementor-heading-title.elementor-size-xl{font-size:39px}.elementor-widget-heading .elementor-heading-title.elementor-size-xxl{font-size:59px}<\/style><h2 class=\"elementor-heading-title elementor-size-default\">Servidores VPS<\/h2>\t\t<\/div>\n\t\t\t\t<\/div>\n\t\t\t\t\t<\/div>\n\t\t<\/div>\n\t\t\t\t\t\t\t<\/div>\n\t\t<\/section>\n\t\t\t\t<section class=\"elementor-section elementor-top-section elementor-element elementor-element-7bdd9d7 elementor-section-full_width elementor-section-height-default elementor-section-height-default\" data-id=\"7bdd9d7\" data-element_type=\"section\" data-settings=\"{&quot;background_background&quot;:&quot;gradient&quot;}\">\n\t\t\t\t\t\t<div class=\"elementor-container elementor-column-gap-default\">\n\t\t\t\t\t<div class=\"elementor-column elementor-col-16 elementor-top-column elementor-element elementor-element-d1e48ff\" data-id=\"d1e48ff\" data-element_type=\"column\">\n\t\t\t<div class=\"elementor-widget-wrap\">\n\t\t\t\t\t\t\t\t\t<\/div>\n\t\t<\/div>\n\t\t\t\t<div class=\"elementor-column elementor-col-66 elementor-top-column elementor-element elementor-element-f3d1cc7\" data-id=\"f3d1cc7\" data-element_type=\"column\">\n\t\t\t<div class=\"elementor-widget-wrap elementor-element-populated\">\n\t\t\t\t\t\t\t\t<div class=\"elementor-element elementor-element-b8f0236 elementor-widget elementor-widget-text-editor\" data-id=\"b8f0236\" data-element_type=\"widget\" data-widget_type=\"text-editor.default\">\n\t\t\t\t<div class=\"elementor-widget-container\">\n\t\t\t<style>\/*! elementor - v3.16.0 - 20-09-2023 *\/\n.elementor-widget-text-editor.elementor-drop-cap-view-stacked .elementor-drop-cap{background-color:#69727d;color:#fff}.elementor-widget-text-editor.elementor-drop-cap-view-framed .elementor-drop-cap{color:#69727d;border:3px solid;background-color:transparent}.elementor-widget-text-editor:not(.elementor-drop-cap-view-default) .elementor-drop-cap{margin-top:8px}.elementor-widget-text-editor:not(.elementor-drop-cap-view-default) .elementor-drop-cap-letter{width:1em;height:1em}.elementor-widget-text-editor .elementor-drop-cap{float:left;text-align:center;line-height:1;font-size:50px}.elementor-widget-text-editor .elementor-drop-cap-letter{display:inline-block}<\/style>\t\t\t\t<p>Un servidor virtual privado, t\u00e9rmino que proviene del ingl\u00e9s virtual private server, es un sistema de alojamiento web.<\/p><h2>VENTAJAS<\/h2><ul><li>Recursos dedicados: Un VPS, brinda RAM y CPU dedicada.<\/li><li>Flexibilidad: Puedes aumentar RAM y CPU de acuerdo a tus necesidades. Tambi\u00e9n puedes instalar el software que necesites.<\/li><li>Privacidad: Las acciones de otros usuarios, no afectan ni perjudican el servidor de tu VPS.<\/li><li>Mantenimiento: Los servidores dedicados requieren mucho menor mantenimiento que un servidor VPS.<\/li><li>Direcci\u00f3n IP: Los usuarios podr\u00e1n disfrutar de dos o m\u00e1s direcciones IP.<\/li><\/ul><h2>DESVENTAJAS<\/h2><ul><li>Mejoras: Para los usuarios que no tienen conocimientos de desarrollo web, puede convertirse en una experiencia complicada puesto se deber\u00e1n cumplir requisitos de programador a la hora de estructurar y mejorar la web.<\/li><li>Seguridad: La seguridad puede encontrarse en vulnerabilidad si dentro de la p\u00e1gina web existe mala configuraci\u00f3n o problemas en c\u00f3digo.<\/li><\/ul>\t\t\t\t\t\t<\/div>\n\t\t\t\t<\/div>\n\t\t\t\t<div class=\"elementor-element elementor-element-4f82e4b1 elementor-widget elementor-widget-text-editor\" data-id=\"4f82e4b1\" data-element_type=\"widget\" data-widget_type=\"text-editor.default\">\n\t\t\t\t<div class=\"elementor-widget-container\">\n\t\t\t\t\t\t\t<p>Consulta nuestros planes:<\/p>\t\t\t\t\t\t<\/div>\n\t\t\t\t<\/div>\n\t\t\t\t<section class=\"elementor-section elementor-inner-section elementor-element elementor-element-470d03b elementor-section-boxed elementor-section-height-default elementor-section-height-default\" data-id=\"470d03b\" data-element_type=\"section\">\n\t\t\t\t\t\t<div class=\"elementor-container elementor-column-gap-default\">\n\t\t\t\t\t<div class=\"elementor-column elementor-col-33 elementor-inner-column elementor-element elementor-element-45e25a1\" data-id=\"45e25a1\" data-element_type=\"column\">\n\t\t\t<div class=\"elementor-widget-wrap elementor-element-populated\">\n\t\t\t\t\t\t\t\t<div class=\"elementor-element elementor-element-7c890d78 eael-pricing-content-align-center eael-pricing-button-align-center elementor-widget elementor-widget-eael-pricing-table\" data-id=\"7c890d78\" data-element_type=\"widget\" data-widget_type=\"eael-pricing-table.default\">\n\t\t\t\t<div class=\"elementor-widget-container\">\n\t\t\t                    <div class=\"eael-pricing style-1\" >\n                <div class=\"eael-pricing-item \">\n                    <div class=\"header\">\n                        <h2 class=\"title\">Startup<\/h2>\n                    <\/div>\n                    <div class=\"eael-pricing-tag\">\n                        <span class=\"price-tag\"><span class=\"original-price\"><span class=\"price-currency\">$<\/span>99<\/span><\/span>\n                        <span class=\"price-period\">\/ mes<\/span>\n                    <\/div>\n                    <div class=\"body\">\n                                <ul>\n                            <li class=\"elementor-repeater-item-73cedcd\">\n                    \n                                \n            <span class=\"li-icon\" style=\"color:#00C853;fill:#00C853;\" >\n                                                            <i class=\"fas fa-check\"><\/i>\n                                                <\/span>\n\n        \n                    <span >Unlimited calls<\/span>\n                    \n                     \n                <\/li>\n                            <li class=\"elementor-repeater-item-87fdbe5\">\n                    \n                                \n            <span class=\"li-icon\" style=\"color:#00C853;fill:#00C853;\" >\n                                                            <i class=\"fas fa-check\"><\/i>\n                                                <\/span>\n\n        \n                    <span >Free hosting<\/span>\n                    \n                     \n                <\/li>\n                            <li class=\"elementor-repeater-item-bb80189\">\n                    \n                                \n            <span class=\"li-icon\" style=\"color:#00C853;fill:#00C853;\" >\n                                                            <i class=\"fas fa-check\"><\/i>\n                                                <\/span>\n\n        \n                    <span >500 MB of storage space<\/span>\n                    \n                     \n                <\/li>\n                            <li class=\"elementor-repeater-item-1cdf1a4\">\n                    \n                                \n            <span class=\"li-icon\" style=\"color:#00C853;fill:#00C853;\" >\n                                                            <i class=\"fas fa-check\"><\/i>\n                                                <\/span>\n\n        \n                    <span >500 MB Bandwidth<\/span>\n                    \n                     \n                <\/li>\n                            <li class=\"elementor-repeater-item-34a58d2\">\n                    \n                                \n            <span class=\"li-icon\" style=\"color:#00C853;fill:#00C853;\" >\n                                                            <i class=\"fas fa-check\"><\/i>\n                                                <\/span>\n\n        \n                    <span >24\/7 support<\/span>\n                    \n                     \n                <\/li>\n                    <\/ul>\n                        <\/div>\n\t                                    <div class=\"footer\">\n                        <a class=\"eael-pricing-button\" href=\"#\" >\n                                                                                            Elige un plan                                                    <\/a>\n                    <\/div>\n                                    <\/div>\n            <\/div>\n                \t\t<\/div>\n\t\t\t\t<\/div>\n\t\t\t\t\t<\/div>\n\t\t<\/div>\n\t\t\t\t<div class=\"elementor-column elementor-col-33 elementor-inner-column elementor-element elementor-element-4ad9b71\" data-id=\"4ad9b71\" data-element_type=\"column\">\n\t\t\t<div class=\"elementor-widget-wrap elementor-element-populated\">\n\t\t\t\t\t\t\t\t<div class=\"elementor-element elementor-element-a2a3b4d eael-pricing-content-align-center eael-pricing-button-align-center elementor-widget elementor-widget-eael-pricing-table\" data-id=\"a2a3b4d\" data-element_type=\"widget\" data-widget_type=\"eael-pricing-table.default\">\n\t\t\t\t<div class=\"elementor-widget-container\">\n\t\t\t                    <div class=\"eael-pricing style-1\" >\n                <div class=\"eael-pricing-item \">\n                    <div class=\"header\">\n                        <h2 class=\"title\">Startup<\/h2>\n                    <\/div>\n                    <div class=\"eael-pricing-tag\">\n                        <span class=\"price-tag\"><span class=\"original-price\"><span class=\"price-currency\">$<\/span>99<\/span><\/span>\n                        <span class=\"price-period\">\/ mes<\/span>\n                    <\/div>\n                    <div class=\"body\">\n                                <ul>\n                            <li class=\"elementor-repeater-item-73cedcd\">\n                    \n                                \n            <span class=\"li-icon\" style=\"color:#00C853;fill:#00C853;\" >\n                                                            <i class=\"fas fa-check\"><\/i>\n                                                <\/span>\n\n        \n                    <span >Unlimited calls<\/span>\n                    \n                     \n                <\/li>\n                            <li class=\"elementor-repeater-item-87fdbe5\">\n                    \n                                \n            <span class=\"li-icon\" style=\"color:#00C853;fill:#00C853;\" >\n                                                            <i class=\"fas fa-check\"><\/i>\n                                                <\/span>\n\n        \n                    <span >Free hosting<\/span>\n                    \n                     \n                <\/li>\n                            <li class=\"elementor-repeater-item-bb80189\">\n                    \n                                \n            <span class=\"li-icon\" style=\"color:#00C853;fill:#00C853;\" >\n                                                            <i class=\"fas fa-check\"><\/i>\n                                                <\/span>\n\n        \n                    <span >500 MB of storage space<\/span>\n                    \n                     \n                <\/li>\n                            <li class=\"elementor-repeater-item-1cdf1a4\">\n                    \n                                \n            <span class=\"li-icon\" style=\"color:#00C853;fill:#00C853;\" >\n                                                            <i class=\"fas fa-check\"><\/i>\n                                                <\/span>\n\n        \n                    <span >500 MB Bandwidth<\/span>\n                    \n                     \n                <\/li>\n                            <li class=\"elementor-repeater-item-34a58d2\">\n                    \n                                \n            <span class=\"li-icon\" style=\"color:#00C853;fill:#00C853;\" >\n                                                            <i class=\"fas fa-check\"><\/i>\n                                                <\/span>\n\n        \n                    <span >24\/7 support<\/span>\n                    \n                     \n                <\/li>\n                    <\/ul>\n                        <\/div>\n\t                                    <div class=\"footer\">\n                        <a class=\"eael-pricing-button\" href=\"#\" >\n                                                                                            Elige un plan                                                    <\/a>\n                    <\/div>\n                                    <\/div>\n            <\/div>\n                \t\t<\/div>\n\t\t\t\t<\/div>\n\t\t\t\t<div class=\"elementor-element elementor-element-8183eb6 elementor-widget elementor-widget-spacer\" data-id=\"8183eb6\" data-element_type=\"widget\" data-widget_type=\"spacer.default\">\n\t\t\t\t<div class=\"elementor-widget-container\">\n\t\t\t\t\t<div class=\"elementor-spacer\">\n\t\t\t<div class=\"elementor-spacer-inner\"><\/div>\n\t\t<\/div>\n\t\t\t\t<\/div>\n\t\t\t\t<\/div>\n\t\t\t\t\t<\/div>\n\t\t<\/div>\n\t\t\t\t<div class=\"elementor-column elementor-col-33 elementor-inner-column elementor-element elementor-element-f2de015\" data-id=\"f2de015\" data-element_type=\"column\">\n\t\t\t<div class=\"elementor-widget-wrap elementor-element-populated\">\n\t\t\t\t\t\t\t\t<div class=\"elementor-element elementor-element-1915f9f eael-pricing-content-align-center eael-pricing-button-align-center elementor-widget elementor-widget-eael-pricing-table\" data-id=\"1915f9f\" data-element_type=\"widget\" data-widget_type=\"eael-pricing-table.default\">\n\t\t\t\t<div class=\"elementor-widget-container\">\n\t\t\t                    <div class=\"eael-pricing style-1\" >\n                <div class=\"eael-pricing-item \">\n                    <div class=\"header\">\n                        <h2 class=\"title\">Startup<\/h2>\n                    <\/div>\n                    <div class=\"eael-pricing-tag\">\n                        <span class=\"price-tag\"><span class=\"original-price\"><span class=\"price-currency\">$<\/span>99<\/span><\/span>\n                        <span class=\"price-period\">\/ mes<\/span>\n                    <\/div>\n                    <div class=\"body\">\n                                <ul>\n                            <li class=\"elementor-repeater-item-73cedcd\">\n                    \n                                \n            <span class=\"li-icon\" style=\"color:#00C853;fill:#00C853;\" >\n                                                            <i class=\"fas fa-check\"><\/i>\n                                                <\/span>\n\n        \n                    <span >Unlimited calls<\/span>\n                    \n                     \n                <\/li>\n                            <li class=\"elementor-repeater-item-87fdbe5\">\n                    \n                                \n            <span class=\"li-icon\" style=\"color:#00C853;fill:#00C853;\" >\n                                                            <i class=\"fas fa-check\"><\/i>\n                                                <\/span>\n\n        \n                    <span >Free hosting<\/span>\n                    \n                     \n                <\/li>\n                            <li class=\"elementor-repeater-item-bb80189\">\n                    \n                                \n            <span class=\"li-icon\" style=\"color:#00C853;fill:#00C853;\" >\n                                                            <i class=\"fas fa-check\"><\/i>\n                                                <\/span>\n\n        \n                    <span >500 MB of storage space<\/span>\n                    \n                     \n                <\/li>\n                            <li class=\"elementor-repeater-item-1cdf1a4\">\n                    \n                                \n            <span class=\"li-icon\" style=\"color:#00C853;fill:#00C853;\" >\n                                                            <i class=\"fas fa-check\"><\/i>\n                                                <\/span>\n\n        \n                    <span >500 MB Bandwidth<\/span>\n                    \n                     \n                <\/li>\n                            <li class=\"elementor-repeater-item-34a58d2\">\n                    \n                                \n            <span class=\"li-icon\" style=\"color:#00C853;fill:#00C853;\" >\n                                                            <i class=\"fas fa-check\"><\/i>\n                                                <\/span>\n\n        \n                    <span >24\/7 support<\/span>\n                    \n                     \n                <\/li>\n                    <\/ul>\n                        <\/div>\n\t                                    <div class=\"footer\">\n                        <a class=\"eael-pricing-button\" href=\"#\" >\n                                                                                            Elige un plan                                                    <\/a>\n                    <\/div>\n                                    <\/div>\n            <\/div>\n                \t\t<\/div>\n\t\t\t\t<\/div>\n\t\t\t\t\t<\/div>\n\t\t<\/div>\n\t\t\t\t\t\t\t<\/div>\n\t\t<\/section>\n\t\t\t\t\t<\/div>\n\t\t<\/div>\n\t\t\t\t<div class=\"elementor-column elementor-col-16 elementor-top-column elementor-element elementor-element-7000e2a\" data-id=\"7000e2a\" data-element_type=\"column\">\n\t\t\t<div class=\"elementor-widget-wrap\">\n\t\t\t\t\t\t\t\t\t<\/div>\n\t\t<\/div>\n\t\t\t\t\t\t\t<\/div>\n\t\t<\/section>\n\t\t\t\t<section class=\"elementor-section elementor-top-section elementor-element elementor-element-304df971 elementor-section-boxed elementor-section-height-default elementor-section-height-default\" data-id=\"304df971\" data-element_type=\"section\" data-settings=\"{&quot;background_background&quot;:&quot;classic&quot;}\">\n\t\t\t\t\t\t<div class=\"elementor-container elementor-column-gap-default\">\n\t\t\t\t\t<div class=\"elementor-column elementor-col-33 elementor-top-column elementor-element elementor-element-4566d2a1\" data-id=\"4566d2a1\" data-element_type=\"column\">\n\t\t\t<div class=\"elementor-widget-wrap\">\n\t\t\t\t\t\t\t\t\t<\/div>\n\t\t<\/div>\n\t\t\t\t<div class=\"elementor-column elementor-col-33 elementor-top-column elementor-element elementor-element-639b5f20\" data-id=\"639b5f20\" data-element_type=\"column\">\n\t\t\t<div class=\"elementor-widget-wrap elementor-element-populated\">\n\t\t\t\t\t\t\t\t<div class=\"elementor-element elementor-element-7726a36 elementor-widget elementor-widget-spacer\" data-id=\"7726a36\" data-element_type=\"widget\" data-widget_type=\"spacer.default\">\n\t\t\t\t<div class=\"elementor-widget-container\">\n\t\t\t\t\t<div class=\"elementor-spacer\">\n\t\t\t<div class=\"elementor-spacer-inner\"><\/div>\n\t\t<\/div>\n\t\t\t\t<\/div>\n\t\t\t\t<\/div>\n\t\t\t\t\t<\/div>\n\t\t<\/div>\n\t\t\t\t<div class=\"elementor-column elementor-col-33 elementor-top-column elementor-element elementor-element-1a0dc5d3\" data-id=\"1a0dc5d3\" data-element_type=\"column\">\n\t\t\t<div class=\"elementor-widget-wrap\">\n\t\t\t\t\t\t\t\t\t<\/div>\n\t\t<\/div>\n\t\t\t\t\t\t\t<\/div>\n\t\t<\/section>\n\t\t\t\t\t\t\t<\/div>\n\t\t","protected":false},"excerpt":{"rendered":"<p>Menu Close Inicio Nosotros Contacto Servidores Servidores VPS Servidores Dedicados Dominios Inicio Nosotros Contacto Servidores Servidores VPS Servidores Dedicados Dominios Servidores VPS Un servidor virtual privado, t\u00e9rmino que proviene del ingl\u00e9s virtual private server, es un sistema de alojamiento web. VENTAJAS Recursos dedicados: Un VPS, brinda RAM y CPU dedicada. Flexibilidad: Puedes aumentar RAM y [&hellip;]<\/p>\n","protected":false},"author":1,"featured_media":0,"parent":0,"menu_order":0,"comment_status":"closed","ping_status":"closed","template":"","meta":{"footnotes":""},"class_list":["post-251","page","type-page","status-publish","hentry","entry"],"_links":{"self":[{"href":"https:\/\/techlatam.com.mx\/Tech\/wp-json\/wp\/v2\/pages\/251","targetHints":{"allow":["GET"]}}],"collection":[{"href":"https:\/\/techlatam.com.mx\/Tech\/wp-json\/wp\/v2\/pages"}],"about":[{"href":"https:\/\/techlatam.com.mx\/Tech\/wp-json\/wp\/v2\/types\/page"}],"author":[{"embeddable":true,"href":"https:\/\/techlatam.com.mx\/Tech\/wp-json\/wp\/v2\/users\/1"}],"replies":[{"embeddable":true,"href":"https:\/\/techlatam.com.mx\/Tech\/wp-json\/wp\/v2\/comments?post=251"}],"version-history":[{"count":7,"href":"https:\/\/techlatam.com.mx\/Tech\/wp-json\/wp\/v2\/pages\/251\/revisions"}],"predecessor-version":[{"id":334,"href":"https:\/\/techlatam.com.mx\/Tech\/wp-json\/wp\/v2\/pages\/251\/revisions\/334"}],"wp:attachment":[{"href":"https:\/\/techlatam.com.mx\/Tech\/wp-json\/wp\/v2\/media?parent=251"}],"curies":[{"name":"wp","href":"https:\/\/api.w.org\/{rel}","templated":true}]}}